12)/(2/(-12)). What is the highest common factor of n and 4?
4
Let v be 0 + -8 + (-5 + 5 - -371). What is the highest common divisor of v and 198?
33
Let g be ((-8)/(-2))/(-8) - (-20)/8. Suppose 43 = 3*i + h + 3*h, -3*h = -g*i + 57. Calculate the highest common divisor of i and 7.
7
Let u = 10 - -2. Suppose -4*f - 4 + u = 0. Suppose 7 = 3*w - f*w. What is the highest common divisor of w and 1?
1
Let d(v) = 12*v - 67. Let k be d(6). Calculate the highest common factor of 5 and k.
5
Suppose 0 = 3*l + 6, -5*h = -l - 24 - 128. Calculate the highest common divisor of h and 60.
30
Let p = -757 + 765. Calculate the highest common factor of 23 and p.
1
Let p be (0 - -4)/((-1)/(-26)). Let h(t) = -7*t + t + t - 1 - 2*t. Let v be h(-2). What is the greatest common divisor of p and v?
13
Let r = -9 - -30. Let p = 278 - 70. Let b = p - 103. What is the greatest common factor of r and b?
21
Let w = 110 - 124. Let h be (-1006)/(-7) - 4/w. Calculate the highest common factor of 48 and h.
48
Let m be (6/(-1))/(3/27). Let f be (-2688)/m + 2/9. What is the greatest common factor of f and 10?
10
Let x be (4/3)/((-2)/(-30)). Suppose -37 + 133 = 12*b. Calculate the highest common factor of b and x.
4
Suppose 700 = 1625*i - 1624*i. Calculate the highest common divisor of 7 and i.
7
Suppose 0*m + 5*m - 650 = 0. Let h = m - -23. What is the highest common divisor of h and 17?
17
Let h = 8 - 1. Suppose -h*g + 8*g - 5 = 0. Let u be (-1246)/(-35) - (-2)/g. What is the highest common divisor of 24 and u?
12
Suppose -3*n - 1343 = -1487. Calculate the highest common factor of n and 6.
6
Suppose 4*g = -0*k + 3*k + 346, 2*g + 3*k = 182. What is the greatest common divisor of 16 and g?
8
Let w(q) = q**2 - 5*q - 11. Let y be w(10). Let r = -163 + 176. What is the greatest common divisor of y and r?
13
Let l = 1093 + -742. Calculate the greatest common factor of 135 and l.
27
Suppose -2*q = 5*j - q - 27, -4*j + 3*q + 33 = 0. Let y = 18 - j. Let r = 21 - y. What is the highest common divisor of r and 45?
9
Let c = -7 - -5. Let u be c/(6/(-9)) + 2. Suppose -3*f + 42 = 3*w, 0 = f - u*f + 4*w + 40. What is the highest common divisor of f and 6?
6
Suppose -2*i - 51 = -1. Let z = i + 49. What is the highest common divisor of 264 and z?
24
Let z be 1508/8 - ((-3)/6)/1. Calculate the highest common divisor of 7 and z.
7
Let j(h) = 39*h**2 - 63*h - 386. Let l be j(-9). Calculate the greatest common divisor of l and 20.
20
Suppose 6*u = 101 - 29. What is the greatest common factor of u and 150?
6
Suppose 5*p + 753 = 2463. Calculate the greatest common divisor of p and 798.
114
Suppose -w + 6*w = 0. Suppose -h + 9 - 2 = w. Let f = h + 3. Calculate the greatest common factor of 10 and f.
10
Let t(w) = -w**3 + 8*w**2 + 12*w - 3. Let a = 17 - 16. Let s be 6/(-3) + 10 + a. Let g be t(s). Calculate the highest common factor of g and 16.
8
Let s(m) be the third derivative of -7*m**6/60 - m**5/60 - m**4/12 - m**3/6 + 34*m**2. Let o be s(-1). What is the greatest common divisor of 70 and o?
14
Suppose 527 = 2*h + 4*r + 23, -2*r - 516 = -2*h. What is the highest common divisor of h and 16?
16
Suppose -55*i + 59*i - 100 = 0. What is the highest common factor of 325 and i?
25
Let c = 0 - -17. Let g = c - 3. Let b be (-6 + (-114)/(-18))*462. What is the greatest common factor of g and b?
14
Let v be (-337)/(-4) + 5/((-60)/(-9)). Calculate the highest common divisor of v and 544.
17
Let j(h) = 8*h**2 + h + 10. Let x be j(-3). What is the highest common divisor of x and 1027?
79
Let u(t) = -t**2 + t + 24. Let r be u(0). Let h be (((-21)/(-6))/(1/(-2)))/((-23)/552). What is the greatest common factor of r and h?
24
Let v be (-2 + (5 - 2))*1*15. Suppose -22 = 2*t - 82. Suppose t = g - 2*x + 7*x, -2*g - 5*x = -35. Calculate the highest common factor of g and v.
5
Let t be (-14)/4 + (-1)/2. Let z be (26/t)/(8/(-32)). Calculate the greatest common divisor of z and 130.
26
Let r be 1*1/2 + (-651)/(-14). What is the greatest common divisor of 1 and r?
1
Let s(j) = -3*j**3 - 6*j**2 + j. Let g be s(-3). Suppose -5*q = -69 + g. What is the greatest common factor of q and 99?
9
Suppose 3*g + 5*o = -23, -8*g + 5*g - 19 = 4*o. Let f be (-19 - -21)/(g/(-13)). Let r = 34 - -5. Calculate the greatest common divisor of r and f.
13
Let w be (602/(-7))/(-3 - -1). Suppose 0 = 6*v - 197 - w. What is the greatest common factor of v and 5?
5
Suppose 2*k - 373 = -67. Let l be (-17 - 0)*(-7 - -6). What is the greatest common factor of l and k?
17
Let u be (-176)/(-24) - (-20)/(-15). What is the highest common divisor of 384 and u?
6
Suppose 5*w + 15 = i, -5*i + w = -4*i - 11. Calculate the greatest common divisor of 75 and i.
5
Let w be 5*2 - (1 + 0). Suppose -4*b = 5*l - 448, 7*b - 250 = 5*b + 4*l. Calculate the greatest common factor of b and w.
9
Suppose r + 3*w + 6 = 0, -2 = -2*r + w - 0. Suppose -6*i + 8*i - 14 = r. What is the highest common divisor of i and 77?
7
Let b(f) = 3*f**3 - f + 2. Let p be b(1). Suppose -3966 + 766 = p*q. Let m = -536 - q. What is the highest common divisor of 33 and m?
33
Suppose 3*k + 5 - 29 = 0. Let q be (k - 8) + (-4)/(-2). Let i be 33 - q*(-2)/(-4). What is the highest common factor of 8 and i?
8
Suppose -3 = -j - 0*j. Suppose 5*f + 0 + 7 = 2*n, -4*n = -2*f - 22. What is the greatest common divisor of j and n?
3
Let i(l) = 7*l - 4. Let s be i(6). Suppose 0 = 49*j + 43*j - 5244. What is the greatest common divisor of s and j?
19
Suppose 3*k = 322 + 224. Let b(z) = z**2 - 20*z + 89. Let c be b(15). Calculate the highest common factor of c and k.
14
Let u = -29 - -46. Let j(x) = -92*x - 75. Let y be j(-1). Calculate the highest common divisor of u and y.
17
Let o = -114 - -134. Calculate the greatest common factor of o and 180.
20
Suppose b - 38 = -4*m - 14, -5*b + 56 = 4*m. Suppose 0 = 127*f - 132*f + 360. Calculate the highest common factor of f and b.
8
Let m be (-5 - (-36)/8)*-14. Calculate the highest common divisor of 21 and m.
7
Suppose -s - s = -150. What is the highest common factor of s and 60?
15
Let x = -15 + -12. Let q = x - -39. What is the greatest common divisor of q and 48?
12
Let m = 72 - 49. Let c be m/(5*(-3)/(-165)). What is the greatest common factor of c and 23?
23
Let a be (495/(-30))/(1/(-18)). What is the highest common divisor of 33 and a?
33
Suppose -78 = -4*q + 5*a, -3*q - 4*a + 53 = -5*a. Let p be 9*1 + 21 + 55. Calculate the greatest common factor of p and q.
17
Suppose 0 = 2*s + 2*a - 1746 + 4836, 0 = -2*a - 2. Let h be (-44)/154 + s/(-14). What is the highest common factor of h and 10?
10
Suppose 2 = -57*u + 59*u. Let n be -5*5/(75/(-21)). What is the greatest common divisor of n and u?
1
Let v be (-12)/18*(-55 + 1). Suppose 4*w + 16 = v. Calculate the highest common divisor of 25 and w.
5
Suppose 3*b - 2016 = -18*b. What is the greatest common divisor of 18 and b?
6
Let o be 27 - 19/((-114)/(-36)). What is the highest common factor of 84 and o?
21
Let i(y) = -2*y - 13. Let g be i(-9). Suppose -x + 5*h + 29 = 0, -2*x - g*h = 2 - 0. What is the greatest common divisor of 1 and x?
1
Let u be (-6)/30 + (-82)/(-10). Suppose -b = u - 38. What is the greatest common factor of b and 10?
10
Let p be 1/(-2) + 23338/28. What is the highest common divisor of p and 17?
17
Let c = -216 - -245. Let f be (-1597)/(-5) - 2/5. Calculate the highest common factor of f and c.
29
Suppose 655 = 17*d - 1181. What is the highest common divisor of 24 and d?
12
Let a be ((-3)/(-9))/(1/6) + 1. Suppose 4*m = -a*c + 134, 3*m - m - 70 = -3*c. Calculate the highest common factor of 4 and m.
4
Let r be (-411)/(-15) - 3/(-5). What is the highest common divisor of 4 and r?
4
Let j be ((4 - 2) + (1 - -2))*4. Suppose 5*w - 3*w = -d + 20, 0 = -5*w + 5*d + j. Calculate the highest common factor of 64 and w.
8
Let v(p) = p**2 + 18. Let h be v(6). Let z = -50 + h. Calculate the highest common factor of 44 and z.
4
Let v(n) = -95*n - 145. Let u be v(-11). Calculate the greatest common factor of u and 36.
36
Let f be 1 + (-11 - -9) - -355. Calculate the greatest common divisor of 18 and f.
6
Let d(q) = -q**2 - 7*q + 8. Let f be d(-8). Let w(y) = y + 8. Let h be w(f). Let l = h - -58. Calculate the greatest common divisor of 22 and l.
22
Let l be 10 - (-2)/((5 + 0)/(-5)). What is the highest common